[INFO] fetching crate trillium-rustls 0.4.0...
[INFO] checking trillium-rustls-0.4.0 against master#9610dfe5a9a731ced1ea4923ecbd0c57fe367898 for beta-170-4
[INFO] extracting crate trillium-rustls 0.4.0 into /workspace/builds/worker-1-tc1/source
[INFO] validating manifest of crates.io crate trillium-rustls 0.4.0 on toolchain 9610dfe5a9a731ced1ea4923ecbd0c57fe367898
[INFO] running `Command { std: CARGO_HOME="/workspace/cargo-home" RUSTUP_HOME="/workspace/rustup-home" "/workspace/cargo-home/bin/cargo" "+9610dfe5a9a731ced1ea4923ecbd0c57fe367898" "metadata" "--manifest-path" "Cargo.toml" "--no-deps", kill_on_drop: false }`
[INFO] started tweaking crates.io crate trillium-rustls 0.4.0
[INFO] finished tweaking crates.io crate trillium-rustls 0.4.0
[INFO] tweaked toml for crates.io crate trillium-rustls 0.4.0 written to /workspace/builds/worker-1-tc1/source/Cargo.toml
[INFO] crate crates.io crate trillium-rustls 0.4.0 already has a lockfile, it will not be regenerated
[INFO] running `Command { std: CARGO_HOME="/workspace/cargo-home" RUSTUP_HOME="/workspace/rustup-home" "/workspace/cargo-home/bin/cargo" "+9610dfe5a9a731ced1ea4923ecbd0c57fe367898" "fetch" "--manifest-path" "Cargo.toml", kill_on_drop: false }`
[INFO] [stderr]     Updating crates.io index
[INFO] [stderr]  Downloading crates ...
[INFO] [stderr]   Downloaded portpicker v0.1.1
[INFO] [stderr]   Downloaded core-foundation-sys v0.8.4
[INFO] [stderr]   Downloaded async-rustls v0.4.0
[INFO] [stderr]   Downloaded security-framework-sys v2.8.0
[INFO] [stderr]   Downloaded rustls-native-certs v0.6.2
[INFO] [stderr]   Downloaded test-harness v0.1.1
[INFO] [stderr]   Downloaded async_cell v0.2.2
[INFO] [stderr]   Downloaded security-framework v2.8.2
[INFO] [stderr]   Downloaded rustls v0.21.0
[INFO] [stderr]   Downloaded bumpalo v3.12.1
[INFO] [stderr]   Downloaded trillium-server-common v0.4.1
[INFO] [stderr]   Downloaded aho-corasick v1.0.1
[INFO] [stderr]   Downloaded regex v1.8.1
[INFO] [stderr]   Downloaded rustix v0.37.14
[INFO] [stderr]   Downloaded webpki-roots v0.23.0
[INFO] [stderr]   Downloaded regex-syntax v0.7.1
[INFO] [stderr]   Downloaded linux-raw-sys v0.3.4
[INFO] [stderr]   Downloaded libc v0.2.142
[INFO] running `Command { std: "docker" "create" "-v" "/var/lib/crater-agent-workspace/builds/worker-1-tc1/target:/opt/rustwide/target:rw,Z" "-v" "/var/lib/crater-agent-workspace/builds/worker-1-tc1/source:/opt/rustwide/workdir:ro,Z" "-v" "/var/lib/crater-agent-workspace/cargo-home:/opt/rustwide/cargo-home:ro,Z" "-v" "/var/lib/crater-agent-workspace/rustup-home:/opt/rustwide/rustup-home:ro,Z" "-e" "SOURCE_DIR=/opt/rustwide/workdir" "-e" "CARGO_TARGET_DIR=/opt/rustwide/target" "-e" "CARGO_HOME=/opt/rustwide/cargo-home" "-e" "RUSTUP_HOME=/opt/rustwide/rustup-home" "-w" "/opt/rustwide/workdir" "-m" "1610612736" "--user" "0:0" "--network" "none" "ghcr.io/rust-lang/crates-build-env/linux@sha256:19e73879b68f455e41552ea35293514db52ea292d993f571636dbffedb77a1ee" "/opt/rustwide/cargo-home/bin/cargo" "+9610dfe5a9a731ced1ea4923ecbd0c57fe367898" "metadata" "--no-deps" "--format-version=1", kill_on_drop: false }`
[INFO] [stdout] b8eb8446db3ccf142393fc4821f43c8bafac43f99ae22e2464a30671c02b2247
[INFO] running `Command { std: "docker" "start" "-a" "b8eb8446db3ccf142393fc4821f43c8bafac43f99ae22e2464a30671c02b2247", kill_on_drop: false }`
[INFO] running `Command { std: "docker" "inspect" "b8eb8446db3ccf142393fc4821f43c8bafac43f99ae22e2464a30671c02b2247", kill_on_drop: false }`
[INFO] running `Command { std: "docker" "rm" "-f" "b8eb8446db3ccf142393fc4821f43c8bafac43f99ae22e2464a30671c02b2247", kill_on_drop: false }`
[INFO] [stdout] b8eb8446db3ccf142393fc4821f43c8bafac43f99ae22e2464a30671c02b2247
[INFO] running `Command { std: "docker" "create" "-v" "/var/lib/crater-agent-workspace/builds/worker-1-tc1/target:/opt/rustwide/target:rw,Z" "-v" "/var/lib/crater-agent-workspace/builds/worker-1-tc1/source:/opt/rustwide/workdir:ro,Z" "-v" "/var/lib/crater-agent-workspace/cargo-home:/opt/rustwide/cargo-home:ro,Z" "-v" "/var/lib/crater-agent-workspace/rustup-home:/opt/rustwide/rustup-home:ro,Z" "-e" "SOURCE_DIR=/opt/rustwide/workdir" "-e" "CARGO_TARGET_DIR=/opt/rustwide/target" "-e" "CARGO_INCREMENTAL=0" "-e" "RUST_BACKTRACE=full" "-e" "RUSTFLAGS=--cap-lints=forbid" "-e" "RUSTDOCFLAGS=--cap-lints=forbid" "-e" "CARGO_HOME=/opt/rustwide/cargo-home" "-e" "RUSTUP_HOME=/opt/rustwide/rustup-home" "-w" "/opt/rustwide/workdir" "-m" "1610612736" "--user" "0:0" "--network" "none" "ghcr.io/rust-lang/crates-build-env/linux@sha256:19e73879b68f455e41552ea35293514db52ea292d993f571636dbffedb77a1ee" "/opt/rustwide/cargo-home/bin/cargo" "+9610dfe5a9a731ced1ea4923ecbd0c57fe367898" "check" "--frozen" "--all" "--all-targets" "--message-format=json", kill_on_drop: false }`
[INFO] [stdout] f4b3e3b7b1b72054a85049c7b3a4b16d71ba3602af08bf4c7c374020f6223fc7
[INFO] running `Command { std: "docker" "start" "-a" "f4b3e3b7b1b72054a85049c7b3a4b16d71ba3602af08bf4c7c374020f6223fc7", kill_on_drop: false }`
[INFO] [stderr]    Compiling libc v0.2.142
[INFO] [stderr]     Checking once_cell v1.17.1
[INFO] [stderr]    Compiling syn v1.0.109
[INFO] [stderr]    Compiling futures-core v0.3.28
[INFO] [stderr]    Compiling crossbeam-utils v0.8.15
[INFO] [stderr]     Checking futures-io v0.3.28
[INFO] [stderr]     Checking spin v0.5.2
[INFO] [stderr]    Compiling ring v0.16.20
[INFO] [stderr]    Compiling slab v0.4.8
[INFO] [stderr]    Compiling ahash v0.8.3
[INFO] [stderr]     Checking untrusted v0.7.1
[INFO] [stderr]     Checking tinyvec_macros v0.1.1
[INFO] [stderr]     Checking parking v2.1.0
[INFO] [stderr]    Compiling syn v2.0.15
[INFO] [stderr]     Checking fastrand v1.9.0
[INFO] [stderr]     Checking waker-fn v1.1.0
[INFO] [stderr]    Compiling io-lifetimes v1.0.10
[INFO] [stderr]    Compiling async-trait v0.1.68
[INFO] [stderr]     Checking tinyvec v1.6.0
[INFO] [stderr]     Checking smartcow v0.2.1
[INFO] [stderr]     Checking encoding_rs v0.8.32
[INFO] [stderr]     Checking memmem v0.1.1
[INFO] [stderr]     Checking mime v0.3.17
[INFO] [stderr]     Checking unicode-bidi v0.3.13
[INFO] [stderr]    Compiling rustls v0.21.0
[INFO] [stderr]    Compiling rustix v0.37.14
[INFO] [stderr]     Checking base64 v0.21.0
[INFO] [stderr]     Checking futures-lite v1.13.0
[INFO] [stderr]     Checking linux-raw-sys v0.3.4
[INFO] [stderr]     Checking aho-corasick v1.0.1
[INFO] [stderr]     Checking regex-syntax v0.7.1
[INFO] [stderr]     Checking rustls-pemfile v1.0.2
[INFO] [stderr]     Checking async_cell v0.2.2
[INFO] [stderr]     Checking rustls-native-certs v0.6.2
[INFO] [stderr]     Checking termcolor v1.2.0
[INFO] [stderr]     Checking waker-set v0.2.0
[INFO] [stderr]     Checking hashbrown v0.13.2
[INFO] [stderr]     Checking unicode-normalization v0.1.22
[INFO] [stderr]     Checking idna v0.3.0
[INFO] [stderr]     Checking regex v1.8.1
[INFO] [stderr]     Checking getrandom v0.2.9
[INFO] [stderr]     Checking rlimit v0.9.1
[INFO] [stderr]     Checking url v2.3.1
[INFO] [stderr]     Checking rand_core v0.6.4
[INFO] [stderr]     Checking rand_chacha v0.3.1
[INFO] [stderr]     Checking rand v0.8.5
[INFO] [stderr]     Checking portpicker v0.1.1
[INFO] [stderr]     Checking is-terminal v0.4.7
[INFO] [stderr]     Checking env_logger v0.10.0
[INFO] [stderr]     Checking rustls-webpki v0.100.1
[INFO] [stderr]     Checking sct v0.7.0
[INFO] [stderr]     Checking webpki-roots v0.23.0
[INFO] [stderr]    Compiling thiserror-impl v1.0.40
[INFO] [stderr]    Compiling trillium-macros v0.0.4
[INFO] [stderr]    Compiling test-harness v0.1.1
[INFO] [stderr]    Compiling pin-project-internal v1.0.12
[INFO] [stderr]     Checking async-rustls v0.4.0
[INFO] [stderr]     Checking thiserror v1.0.40
[INFO] [stderr]     Checking pin-project v1.0.12
[INFO] [stderr]     Checking stopper v0.2.0
[INFO] [stderr]     Checking trillium-http v0.3.0
[INFO] [stderr]     Checking trillium v0.2.9
[INFO] [stderr]     Checking trillium-server-common v0.4.1
[INFO] [stderr]     Checking trillium-rustls v0.4.0 (/opt/rustwide/workdir)
[INFO] [stdout] error[E0432]: unresolved import `trillium`
[INFO] [stdout]  --> examples/rustls.rs:1:5
[INFO] [stdout]   |
[INFO] [stdout] 1 | use trillium::Conn;
[INFO] [stdout]   |     ^^^^^^^^ use of undeclared crate or module `trillium`
[INFO] [stdout] 
[INFO] [stdout] 
[INFO] [stdout] error[E0432]: unresolved import `trillium_client`
[INFO] [stdout]  --> tests/against_trillium.rs:3:5
[INFO] [stdout]   |
[INFO] [stdout] 3 | use trillium_client::Client;
[INFO] [stdout]   |     ^^^^^^^^^^^^^^^ use of undeclared crate or module `trillium_client`
[INFO] [stdout] 
[INFO] [stdout] 
[INFO] [stdout] error[E0432]: unresolved import `trillium_native_tls`
[INFO] [stdout]  --> tests/against_trillium.rs:4:5
[INFO] [stdout]   |
[INFO] [stdout] 4 | use trillium_native_tls::{NativeTlsAcceptor, NativeTlsConfig};
[INFO] [stdout]   |     ^^^^^^^^^^^^^^^^^^^ use of undeclared crate or module `trillium_native_tls`
[INFO] [stdout] 
[INFO] [stdout] 
[INFO] [stdout] error[E0432]: unresolved import `trillium_testing`
[INFO] [stdout]  --> tests/against_trillium.rs:7:5
[INFO] [stdout]   |
[INFO] [stdout] 7 | use trillium_testing::{block_on, client_config, config};
[INFO] [stdout]   |     ^^^^^^^^^^^^^^^^ use of undeclared crate or module `trillium_testing`
[INFO] [stdout]   |
[INFO] [stdout] help: there is a crate or module with a similar name
[INFO] [stdout]   |
[INFO] [stdout] 7 | use trillium_rustls::{block_on, client_config, config};
[INFO] [stdout]   |     ~~~~~~~~~~~~~~~
[INFO] [stdout] 
[INFO] [stdout] 
[INFO] [stdout] error[E0433]: failed to resolve: use of undeclared crate or module `trillium_smol`
[INFO] [stdout]  --> examples/rustls.rs:9:5
[INFO] [stdout]   |
[INFO] [stdout] 9 |     trillium_smol::config()
[INFO] [stdout]   |     ^^^^^^^^^^^^^ use of undeclared crate or module `trillium_smol`
[INFO] [stdout] 
[INFO] [stdout] 
[INFO] [stdout] error: aborting due to 2 previous errors
[INFO] [stdout] 
[INFO] [stdout] 
[INFO] [stdout] Some errors have detailed explanations: E0432, E0433.
[INFO] [stdout] 
[INFO] [stdout] For more information about an error, try `rustc --explain E0432`.
[INFO] [stdout] 
[INFO] [stdout] error[E0433]: failed to resolve: use of undeclared crate or module `trillium`
[INFO] [stdout]  --> tests/against_trillium.rs:9:22
[INFO] [stdout]   |
[INFO] [stdout] 9 | fn handler() -> impl trillium::Handler {
[INFO] [stdout]   |                      ^^^^^^^^ use of undeclared crate or module `trillium`
[INFO] [stdout] 
[INFO] [stdout] 
[INFO] [stdout] error: aborting due to 4 previous errors
[INFO] [stdout] 
[INFO] [stdout] 
[INFO] [stdout] Some errors have detailed explanations: E0432, E0433.
[INFO] [stdout] 
[INFO] [stdout] For more information about an error, try `rustc --explain E0432`.
[INFO] [stdout] 
[INFO] [stderr] error: could not compile `trillium-rustls` (example "rustls") due to 3 previous errors
[INFO] [stderr] warning: build failed, waiting for other jobs to finish...
[INFO] [stderr] error: could not compile `trillium-rustls` (test "against_trillium") due to 5 previous errors
[INFO] running `Command { std: "docker" "inspect" "f4b3e3b7b1b72054a85049c7b3a4b16d71ba3602af08bf4c7c374020f6223fc7", kill_on_drop: false }`
[INFO] running `Command { std: "docker" "rm" "-f" "f4b3e3b7b1b72054a85049c7b3a4b16d71ba3602af08bf4c7c374020f6223fc7", kill_on_drop: false }`
[INFO] [stdout] f4b3e3b7b1b72054a85049c7b3a4b16d71ba3602af08bf4c7c374020f6223fc7
